28
Suppose -3*g = 4*l + 701 - 2003, 4*g = -l + 306. What is the greatest common factor of l and 420?
30
Let x be (1457 + -1 + 2)/((-350)/(-525)). Calculate the highest common divisor of 9 and x.
9
Suppose 228 = 58*w - 55*w. Suppose 12*c + w = 172. Suppose -3*s + 3*t + 105 = -0*s, 3*s - t = 115. Calculate the greatest common divisor of s and c.
8
Let n = -43 + 46. Suppose 2*b - 4 = -2*m, 0*b - 2*b + 9 = -n*m. Suppose b*w - t - 32 = 13, 4*w - 60 = -5*t. Calculate the greatest common factor of w and 15.
15
Suppose -p = -5*m + 1, -4*p = 5*m + 233 - 404. Calculate the greatest common factor of 1802 and p.
34
Suppose 0 = -3*h - 8*h + 66. Let m be 12/9*(h + 0) - -4. What is the highest common factor of m and 276?
12
Suppose y = 3*l + 2*y - 6, -3*l = -y. Let v = l + 13. Let w be 3892/2502*(1 - -71). Calculate the greatest common factor of v and w.
14
Let r be -13*(8 + -12)*(-7)/(-2). Suppose -7*l + r = 19*l. Calculate the greatest common divisor of l and 63.
7
Suppose 1 = -5*n + 3*w - 1, -5*n = 5*w - 30. Let s = -265 - -335. What is the highest common divisor of n and s?
2
Let r(d) = -2*d**2 + 112*d + 543. Let g be r(44). What is the greatest common factor of g and 156?
39
Let g(x) = -x**2 + 11*x. Let v be g(10). Let y be 25/v*(-36)/(-15). Let w be 7 + -7 + 7 + 2. What is the greatest common factor of w and y?
3
Let d be (-4356)/(-231) - (66/(-21) + 3). Calculate the highest common factor of d and 779.
19
Suppose -112 = 4*h + 3*k, 5*k - 2*k - 63 = 3*h. Let b be (-10)/h - 196/(-10). Let u be 0*(-5)/b + 2. What is the highest common divisor of u and 12?
2
Let k = 1 + 29. Let a = -55 - -105. Let s be ((-20)/a - (-28)/10)*k. What is the highest common divisor of s and 9?
9
Let x = 6 - 10. Let v be 2 + 3 + 3 - x. Let n(i) = 5*i**2 - 1. Let f be n(-1). What is the highest common factor of f and v?
4
Let i be ((-850)/(-85))/((-2)/12 - -1). Suppose i*w + 10*w = 17204. What is the highest common divisor of w and 17?
17
Suppose 18*j - 17*j = 875. Let a = j + -466. Let b = -255 + a. What is the greatest common factor of b and 14?
14
Suppose 2*b - 17*b + 1395 = 0. Let z = -44 + b. Calculate the greatest common divisor of 245 and z.
49
Let r(d) = 2012*d - 13214. Let b be r(7). Calculate the highest common factor of b and 690.
30
Let h = -7135 - -7168. What is the greatest common divisor of h and 1265?
11
Let t = -22930 + 23237. Calculate the highest common factor of 48199 and t.
307
Suppose 0*n + 576 + 19512 = 31*n. What is the greatest common divisor of n and 684?
36
Suppose 4*w - 4*s = -20, -s + 5 = -4*w + 2*w. Suppose w = 5*o + 338 - 28. Let d = -43 - o. Calculate the greatest common factor of d and 114.
19
Let d be 1 + (2 - 7/(-1)). Suppose 5*h + l = -1325, 2*l + 249 = -h + 5*l. Let j = h + 274. What is the highest common divisor of d and j?
10
Let u be (4 + 31/(-4))/(-1 - (-190)/192). What is the greatest common factor of 342 and u?
18
Let w(b) = b**3 + 10*b**2 - 13*b - 24. Let a be w(-11). Let c = 64 - 59. Let m be 2/c + a + 1665/25. What is the highest common factor of m and 13?
13
Let d = 4118 - 4084. Suppose -3*q + o = -q - 6, 0 = 2*q + 5*o + 6. Calculate the highest common factor of q and d.
2
Let d be 1*(4 + -10) - -8. Suppose d*a = 9 - 3, 4*a - 267 = -5*m. Calculate the highest common factor of 17 and m.
17
Let f(t) = 7*t**2 + 149*t + 36. Let u be f(-23). Calculate the highest common factor of u and 2600.
104
Let g(h) = -3444*h + 1444. Let t be g(-3). Calculate the greatest common divisor of 92 and t.
92
Let g = -33521 + 33618. What is the greatest common divisor of 14647 and g?
97
Let q be 180/(-26)*(-120 + 107). Let k(z) = z**2 + 2*z + 3. Let a be k(-5). Calculate the highest common divisor of a and q.
18
Let i be 110 - ((-20)/(-5) - 4). Let s = -58 - -58. Suppose s = x + x - 20. What is the highest common divisor of x and i?
10
Let q = 488 + 600. Let o be (9/15*-85)/(0 + (-3)/4). What is the greatest common factor of o and q?
68
Let p be (4 + -5)/(70/(-5642)) + 3/(-5). Calculate the highest common factor of p and 4090.
10
Suppose -20*v = -151*v + 2882. Let y be 11*2 + 0/(-2). What is the highest common divisor of v and y?
22
Let j be (1 - 3)/(144/(-30528)). What is the greatest common divisor of j and 64?
8
Suppose 6*b + 9 - 1203 = 0. Let r = -135 + b. Suppose 5*v - r = 101. What is the greatest common divisor of v and 11?
11
Let j be 1*(132 + 10) - (1 + 1). Suppose -24*k = -25*k + j. Calculate the highest common divisor of 84 and k.
28
Let n(j) = 2*j**3 - 13*j**2 + 6*j + 9. Let x be n(6). Suppose -y = x*y - 80. What is the highest common divisor of 136 and y?
8
Suppose -5*b - 4*r = -3*b - 52, -4*r = 4*b - 112. Suppose 4*m - b = -6*m. Suppose 0*f = -m*f + 48. What is the highest common divisor of f and 48?
16
Let s = -292 - 357. Let x = -344 - s. What is the highest common factor of x and 122?
61
Let b be (-899091)/(-1412) + 3/(-4). What is the highest common divisor of 36 and b?
12
Let c = -31897 - -31945. Suppose -l = -x - 0*l + 7, 5*x = -4*l + 26. Calculate the highest common factor of x and c.
6
Let d = 2166 + -2049. Calculate the highest common divisor of d and 144.
9
Suppose 4 = -t, 27*i - 30*i - 5*t - 8 = 0. Let n = 272 + -180. Calculate the greatest common factor of i and n.
4
Let i be 5/(-5) + -3 - -8. Suppose -4 = 5*s - i. Let g(a) = -4*a + 10. Let m be g(s). Calculate the greatest common divisor of m and 2.
2
Let v(c) be the first derivative of 3*c**2/2 + 59*c - 27. Let i be v(-14). Let p(b) = 4*b - 13. Let o be p(i). Calculate the highest common divisor of o and 5.
5
Suppose -3*h = -z + 27, 3*h + 58 + 41 = 3*z. Let o be 18*3/6*18. Calculate the highest common divisor of z and o.
18
Let w be (-3)/5 + (-612)/(-170). Suppose w*o = h + 2*o - 136, -696 = -5*h + o. What is the highest common factor of 20 and h?
20
Let t(b) = 13*b + 2. Let x be t(2). Let o = -55 + 65. Suppose 2*d = o*d - 224. What is the highest common divisor of x and d?
28
Let w(f) = -f**3 + 13*f**2 - 18*f + 40. Let y be w(9). Suppose 208*m = y*m + 1092. What is the greatest common divisor of m and 26?
26
Let c be 18/((-324)/30) - (-1773)/27. What is the highest common divisor of 50944 and c?
64
Let i be (-18 - -14)/(2/(-1)). Suppose 4*j + 2*x = 1806, -5*j + 1351 = -2*j - i*x. What is the greatest common divisor of 41 and j?
41
Suppose -4*z = l - 180 + 117, -218 = -4*l + z. Calculate the highest common divisor of l and 2035.
55
Suppose 3*v - 4*h - 274 - 286 = 0, 0 = 5*v + 5*h - 910. What is the highest common factor of v and 36?
4
Let f = -7 + 11. Suppose -2*i + 18*i + 2096 = 0. Let t = -99 - i. What is the greatest common divisor of f and t?
4
Suppose s = -3*d + 6, -5 = -4*d + 3*d. Let q be (-186)/(-15) + (s/(-15))/1. Let n = q - 7. What is the greatest common factor of 24 and n?
6
Let s(t) = -2*t**3 - 7*t**2 - 12*t - 10. Let h be s(-5). Let c be (-1*25)/(16/(-32)). What is the highest common factor of h and c?
25
Let u = -1019 - -1793. Let h = u - 190. Calculate the highest common divisor of 73 and h.
73
Let q = -5 + 19. Suppose 625 = 5*r - 5*c, -r + 7*c - 5*c = -124. Calculate the highest common factor of q and r.
14
Let f be (-50)/15*153/(-6). Suppose 5*x + 5*t - f = 0, 0 = t - 2 - 2. Suppose -x*p = -28*p + 75. What is the greatest common divisor of p and 45?
5
Suppose -1023 + 3723 = 30*l. What is the highest common divisor of 35 and l?
5
Let b be (-3 - 1)*(18090/(-20))/9. Suppose b = 25*w - 98. What is the greatest common divisor of 140 and w?
20
Let f = -3038 + 4994. Let g be f/8 - 19/(-38). What is the highest common factor of 98 and g?
49
Let l(q) = 43*q**2 - 2*q + 3. Let t be l(1). Let n = t - 42. Suppose 0 = n*u + 10 - 26. Calculate the highest common divisor of 4 and u.
4
Let k(t) = t**3 - 49*t**2 - 150*t - 174. Let z be k(52). Calculate the greatest common divisor of z and 1863.
69
Suppose 5*h + 24 = 11*h, 108 = -2*u + 3*h. Suppose 2*c = 3*c, -3*c = 3*x + 114. Let a = x - u. What is the highest common factor of a and 110?
10
Let o = -8 - -45. Let n = -49 + o. Let q be 212/n*-3 - -2. Calculate the greatest common divisor of q and 5.
5
Let k be (-626076)/(-1377) + 2/6. What is the highest common factor of 175 and k?
35
Suppose 80*f - 823275 - 1324405 = 0. Calculate the highest common divisor of f and 62.
62
Let j be 45 + (0 - -3)/3 + (-68)/(-17). What is the hi